{"id":2,"date":"2026-02-18T09:15:51","date_gmt":"2026-02-18T09:15:51","guid":{"rendered":"http:\/\/www.amapvitry.fr\/?page_id=2"},"modified":"2026-02-18T17:41:42","modified_gmt":"2026-02-18T17:41:42","slug":"agenda","status":"publish","type":"page","link":"https:\/\/www.amapvitry.fr\/index.php\/agenda\/","title":{"rendered":"Agenda des distributions"},"content":{"rendered":"\n<div id=\"wp-block-themeisle-blocks-advanced-columns-a579f96e\" class=\"wp-block-themeisle-blocks-advanced-columns has-1-columns has-desktop-equal-layout has-tablet-equal-layout has-mobile-equal-layout has-vertical-unset\"><div class=\"wp-block-themeisle-blocks-advanced-columns-overlay\"><\/div><div class=\"innerblocks-wrap\">\n<div id=\"wp-block-themeisle-blocks-advanced-column-9ab134cd\" class=\"wp-block-themeisle-blocks-advanced-column\">\n<iframe loading=\"lazy\" width=\"100%\" height=\"500\" src=\"https:\/\/acloud8.zaclys.com\/index.php\/apps\/calendar\/embed\/7mDP9eRFKZraz96w\/listMonth\/now\"><\/iframe>\n<\/div>\n<\/div><\/div>\n\n\n\n<h4 class=\"wp-block-heading has-text-align-left\"><strong>Lien pour s&rsquo;abonner au calendrier sur votre propre agenda <\/strong>:<\/h4>\n\n\n\n<p>Cliquez sur cette image <strong><img decoding=\"async\" src=\"data:image\/png;base64,iVBORw0KGgoAAAANSUhEUgAAACIAAAAiCAYAAAA6RwvCAAABV0lEQVRYR+2UP46CQBTGP85gaanQQ2UMFHTCFTwAJESg8hB2mtjRGa8AJFgrIZwAtaTkDLs7JrvFhGSeS9hsMa+d97755Xt\/lI+vwD8IRYJwXZCO8GMpHRnsSFmWmEwmUFW1d+nv9zu6rsNisXjrKLzdmtlshtVqhePx2PtREATI8xzP53MckLqucb1esd\/vMZ\/P4bpu70dpmuLxeCCKIliWBV3XSUAkRy6XCzzPIwnySafTCcvlUlhLAjkcDi8ndrsdptOpUJQltG2L7XaLOI6x2WyENSQQBsFgfgMShuGrTaJ4C0Qk1vc+Csh6vX6tLiXYCp\/PZ4wCkmUZNE2jcKBpGjiOI0F+3JKO8IMjHfkTR4aceHZV2S0RBemyFkUB3\/dFWr3vSZLAtm1hLQmEqVRVhdvtJhT8TlAUBaZpwjAMUg0ZhKQ2IEmC8OZJR6QjooWSM8I79AnNxkSqrXLW4AAAAABJRU5ErkJggg==\" alt=\"\"> <\/strong> ci-dessus pour copier le lien \u00e0 rajouter dans votre agenda ou t\u00e9l\u00e9charger le fichier ics avec l\u2019ic\u00f4ne \u00e0 sa gauche. Plus qu&rsquo;\u00e0 rajouter le calendrier \u00e0 votre propre agenda pour rester \u00e0 jour !<\/p>\n","protected":false},"excerpt":{"rendered":"<p>Lien pour s&rsquo;abonner au calendrier sur votre propre agenda : Cliquez sur cette image ci-dessus pour copier le lien \u00e0 rajouter dans votre agenda ou t\u00e9l\u00e9charger le fichier ics avec l\u2019ic\u00f4ne \u00e0 sa gauche. Plus qu&rsquo;\u00e0 rajouter le calendrier \u00e0 votre propre agenda pour rester \u00e0 jour !<\/p>\n","protected":false},"author":1,"featured_media":0,"parent":0,"menu_order":0,"comment_status":"closed","ping_status":"closed","template":"","meta":{"_themeisle_gutenberg_block_has_review":false,"footnotes":""},"class_list":["post-2","page","type-page","status-publish","hentry"],"_links":{"self":[{"href":"https:\/\/www.amapvitry.fr\/index.php\/wp-json\/wp\/v2\/pages\/2","targetHints":{"allow":["GET"]}}],"collection":[{"href":"https:\/\/www.amapvitry.fr\/index.php\/wp-json\/wp\/v2\/pages"}],"about":[{"href":"https:\/\/www.amapvitry.fr\/index.php\/wp-json\/wp\/v2\/types\/page"}],"author":[{"embeddable":true,"href":"https:\/\/www.amapvitry.fr\/index.php\/wp-json\/wp\/v2\/users\/1"}],"replies":[{"embeddable":true,"href":"https:\/\/www.amapvitry.fr\/index.php\/wp-json\/wp\/v2\/comments?post=2"}],"version-history":[{"count":10,"href":"https:\/\/www.amapvitry.fr\/index.php\/wp-json\/wp\/v2\/pages\/2\/revisions"}],"predecessor-version":[{"id":234,"href":"https:\/\/www.amapvitry.fr\/index.php\/wp-json\/wp\/v2\/pages\/2\/revisions\/234"}],"wp:attachment":[{"href":"https:\/\/www.amapvitry.fr\/index.php\/wp-json\/wp\/v2\/media?parent=2"}],"curies":[{"name":"wp","href":"https:\/\/api.w.org\/{rel}","templated":true}]}}

<div id="wp-block-themeisle-blocks-advanced-columns-a579f96e" class="wp-block-themeisle-blocks-advanced-columns has-1-columns has-desktop-equal-layout has-tablet-equal-layout has-mobile-equal-layout has-vertical-unset"><div class="wp-block-themeisle-blocks-advanced-columns-overlay"></div><div class="innerblocks-wrap">
<div id="wp-block-themeisle-blocks-advanced-column-9ab134cd" class="wp-block-themeisle-blocks-advanced-column">
<iframe loading="lazy" width="100%" height="500" src="https://acloud8.zaclys.com/index.php/apps/calendar/embed/7mDP9eRFKZraz96w/listMonth/now"></iframe>
</div>
</div></div>



<h4 class="wp-block-heading has-text-align-left"><strong>Lien pour s&rsquo;abonner au calendrier sur votre propre agenda </strong>:</h4>



<p>Cliquez sur cette image <strong><img decoding="async" src="data:image/png;base64,iVBORw0KGgoAAAANSUhEUgAAACIAAAAiCAYAAAA6RwvCAAABV0lEQVRYR+2UP46CQBTGP85gaanQQ2UMFHTCFTwAJESg8hB2mtjRGa8AJFgrIZwAtaTkDLs7JrvFhGSeS9hsMa+d97755Xt/lI+vwD8IRYJwXZCO8GMpHRnsSFmWmEwmUFW1d+nv9zu6rsNisXjrKLzdmtlshtVqhePx2PtREATI8xzP53MckLqucb1esd/vMZ/P4bpu70dpmuLxeCCKIliWBV3XSUAkRy6XCzzPIwnySafTCcvlUlhLAjkcDi8ndrsdptOpUJQltG2L7XaLOI6x2WyENSQQBsFgfgMShuGrTaJ4C0Qk1vc+Csh6vX6tLiXYCp/PZ4wCkmUZNE2jcKBpGjiOI0F+3JKO8IMjHfkTR4aceHZV2S0RBemyFkUB3/dFWr3vSZLAtm1hLQmEqVRVhdvtJhT8TlAUBaZpwjAMUg0ZhKQ2IEmC8OZJR6QjooWSM8I79AnNxkSqrXLW4AAAAABJRU5ErkJggg==" alt=""> </strong> ci-dessus pour copier le lien à rajouter dans votre agenda ou télécharger le fichier ics avec l’icône à sa gauche. Plus qu&rsquo;à rajouter le calendrier à votre propre agenda pour rester à jour !</p>

<p>Lien pour s&rsquo;abonner au calendrier sur votre propre agenda : Cliquez sur cette image ci-dessus pour copier le lien à rajouter dans votre agenda ou télécharger le fichier ics avec l’icône à sa gauche. Plus qu&rsquo;à rajouter le calendrier à votre propre agenda pour rester à jour !</p>
